t are the prime factors of i?
3, 5099
Let i(q) = 4*q**2 + 13*q + 31. Let p be i(13). Suppose p = 5*t + 331. List the prime factors of t.
109
Let f(j) = j**2 - 8*j - 15. Let y be 2*((-262)/(-4) + -3). Suppose 0 = 7*a + 48 - y. What are the prime factors of f(a)?
2, 3
Let r(m) = -m + 27. Let d(i) = i - 40. Let w(z) = 5*d(z) + 8*r(z). Let p be w(-8). Let u = 46 - p. What are the prime factors of u?
2, 3
Suppose 2*l - 3 = 2*v + 3, -2*l = -5*v. Suppose 4*i + 1008 = v*o, -3*o - i + 1723 = 218. What are the prime factors of o?
2, 251
Suppose -113093 = -3*v - 5*i, -2*v - 28*i + 23*i + 75382 = 0. What are the prime factors of v?
43, 877
Suppose -18*m + 61807 - 365773 = -44*m. What are the prime factors of m?
3, 433
Let j(a) = -a**3 + 9*a**2 + 4*a - 23. Let g be j(9). List the prime factors of (g + -15)*(-1)/2 - -1063.
2, 7, 19
Let t be 63 + -7 + -1 + -2. Let w = -10 + t. Suppose b - 54 - w = 0. List the prime factors of b.
97
Let h(a) = -8*a + 40. Let l be h(5). Suppose -3*n = -j + 1951, j - 6*n + 10*n - 1930 = l. List the prime factors of j.
2, 971
Let t(a) = a**2 + 11*a - 17. Let o be t(-14). Let b(p) = 41*p + 168. List the prime factors of b(o).
1193
Suppose -1493*l + 1490*l = 0. What are the prime factors of 771 + 6 + -12 - l?
3, 5, 17
Let x(r) be the second derivative of -r**4/12 + 3*r**3/2 - r**2 - 3*r + 1. Let z be x(4). What are the prime factors of (-92)/(-1 - -4*3/z)?
2, 3, 23
Let z = 46815 + -32872. List the prime factors of z.
73, 191
Let r = 30756 - 18624. List the prime factors of r.
2, 3, 337
Suppose 3*c + 5864 = b, -4*b = -4*c - 872 - 6944. What are the prime factors of c/(-21) + 36/(-378)?
3, 31
Suppose 0 = -8*g + 13*g + 150. Let y = -25 - g. Suppose -4*z + 4*h = -118 - 102, y*z = h + 291. List the prime factors of z.
59
Suppose 664015 + 920876 - 372087 = 177*f. What are the prime factors of f?
2, 3, 571
Suppose 230*j = 235*j - 2185. Let p = -257 + j. List the prime factors of p.
2, 3, 5
Let y = 47397 + -23232. What are the prime factors of y?
3, 5, 179
Suppose 2397 - 17285 = -2*h. List the prime factors of h.
2, 1861
Let j(k) = -16 - 63*k - 29 + 22 - 72. What are the prime factors of j(-20)?
5, 233
Let o = -33 - -46. Suppose -3*l + 4416 = o*l. List the prime factors of l.
2, 3, 23
Suppose -5*l - 29*c + 1415 = -34*c, 0 = 2*l + 3*c - 601. Let v(h) = -h**2 + 7*h - 4. Let j be v(7). Let w = j + l. What are the prime factors of w?
2, 11, 13
Let c = 139 + -344. Suppose l + 146 = -5*i, -288 = 5*l - 2*i + 307. Let p = l - c. What are the prime factors of p?
2, 3, 7
Suppose -5*q + 281353 = 4*t, 90*t - 94*t - 4*q = -281360. List the prime factors of t.
3, 131, 179
Let y be 2/15 + (-1119)/(-45). Suppose 0 = w - 5*j - 14, -5*w + 1 + y = -3*j. Suppose -5*i = -w*q - 102, -4*q = 2*i - i - 6. List the prime factors of i.
2, 3
Let r(z) be the third derivative of 133*z**4/24 - 26*z**3 - 40*z**2. What are the prime factors of r(4)?
2, 47
Suppose 13*l - 126044 = -2*l + 59926. List the prime factors of l.
2, 6199
Let h(r) = -10 - 3850*r - 4*r**2 + 2*r**2 + r**2 + 3858*r. Suppose -6*z - 20 = -10*z. List the prime factors of h(z).
5
Let y = -1123 + 3724. List the prime factors of y.
3, 17
What are the prime factors of 87 + -94 - -4467*3?
2, 37, 181
Let d(g) = -10*g + 406. What are the prime factors of d(26)?
2, 73
Let c = -3503 - -2015. Let k = -392 - c. What are the prime factors of k?
2, 137
Suppose 0 = 5*x - 8003 + 1088. Suppose -1044 - x = -3*q. List the prime factors of q.
809
Let t(v) = 2*v**3 - 11*v**2 + 3*v + 8. Let f be t(5). What are the prime factors of (-6140)/(-8)*f/(-5)?
307
Suppose 5*l = 6*c + 1351, 2*l + 74*c - 570 = 69*c. What are the prime factors of l?
5, 11
Let d(q) = 2*q**2 + 7*q - 4. Let j be d(-4). Suppose -4*m = -j*m. Suppose -w + 30 = -m*t - 3*t, 4*t - 58 = -w. What are the prime factors of w?
2, 3, 7
Let t(h) be the first derivative of h**3/3 + 6*h**2 - 21*h + 9. Let w be t(-14). Let i = 45 - w. List the prime factors of i.
2, 19
Suppose 5*n - 12 = 8*n, 0 = -4*m - 5*n + 1048. Let i = m - 232. What are the prime factors of i?
5, 7
Suppose 0 = 2*j + 3*j + 150. Let h(b) = -44*b - 605. Let y be h(-14). What are the prime factors of 12 - y - (j - 1)?
2
Let n(m) = -10*m - 143. Let s be n(16). Let z = s + 314. List the prime factors of z.
11
Let c(t) = 6*t**2 - 36*t - 25. Let u(v) = v**2 - 7*v - 5. Let i(h) = 2*c(h) - 11*u(h). Let y be i(-5). Suppose y*j - 167 = 478. What are the prime factors of j?
3, 43
Suppose 17483*n = 17460*n + 1213894. List the prime factors of n.
2, 11, 2399
Let f = -52130 + 90046. List the prime factors of f.
2, 9479
Let o = 840 - 1728. Let m = 554 + o. Let h = -70 - m. List the prime factors of h.
2, 3, 11
Let s(t) = 254*t - 109. Let w be s(6). Let q = w - 546. List the prime factors of q.
11, 79
Suppose -45*c + 1530 = 6*c. Let y(i) = -i**2 + 82*i + 95. List the prime factors of y(c).
5, 331
Let y(c) = -31*c + 221. Let k be y(7). Suppose 0 = -5*n - k*u + 3 + 84, 2*n - 40 = u. List the prime factors of n.
19
Suppose -3 = 7*x - 4*x. Let n be (x - 15/(-9)) + 74/6. Suppose 4*b - n = 131. What are the prime factors of b?
2, 3
Let d(t) = -267*t - 356. List the prime factors of d(-21).
59, 89
Suppose 130*x - 12*x = 826. Let m = -7 + 12. Suppose -m*u + x*p = 4*p - 295, 5*p - 295 = -5*u. List the prime factors of u.
59
Let g = 13 - 5. Let p(h) = h**3 - 2*h - 2*h**2 + 0*h + h**2 - g - 5*h. What are the prime factors of p(5)?
3, 19
Let g(o) = 0 + 6 + 3 - 3 - 2*o. Let s be g(1). Suppose -4*d = s*m - 52, 0 = -3*m + 2*m - 1. List the prime factors of d.
2, 7
Let d(q) = -45 + 107 - 47 - 15 - 111*q - 41. What are the prime factors of d(-13)?
2, 701
Let i(p) be the second derivative of -11*p**3/6 - 5*p**2 + p. Suppose 3*t - 4*h + 38 = 0, 3 = -t - h + 2. What are the prime factors of i(t)?
2, 7
Let a(r) = r**2 + 10*r - 8. Let c be a(-14). Let g = c - 63. Let b = 39 + g. What are the prime factors of b?
2, 3
What are the prime factors of 102*(-5)/(-4)*(29 + (-351)/13)?
3, 5, 17
Suppose 1140*m - 1118*m - 32186 = 0. List the prime factors of m.
7, 11, 19
Suppose 5*z = 5*y + 3969 - 684, 4*z + 4*y = 2612. What are the prime factors of z?
5, 131
Let a(t) = -131*t - 1199. List the prime factors of a(-17).
2, 257
Let r = 165 + -354. Let v = -90 - r. List the prime factors of v.
3, 11
Let a = -62 - -185. Let h = a - -14. What are the prime factors of h?
137
Let n(b) = 51890*b**3 + 44*b**2 - 41*b. List the prime factors of n(1).
51893
Let g(k) = k**3 + 8*k**2 + 12*k + 11. Let h be g(-6). List the prime factors of ((-5)/(-1) - 2)/(h/1265).
3, 5, 23
Suppose 6*d = 11*d - 11*d + 42. Let p(q) = -77*q + 47. Let w(m) = -38*m + 24. Let g(z) = 3*p(z) - 7*w(z). What are the prime factors of g(d)?
2, 109
Let t(s) = 4 - s + 4*s + 0 - 11 + 2*s**2. Let d be t(-3). Suppose d*c + 320 = 12*c. What are the prime factors of c?
2
Let z be 1 + -5 + 14/(-70)*-220. Let l(j) = j**2 + 8*j + 4. Let f be l(-4). Let i = f + z. What are the prime factors of i?
2, 7
Let a(d) = -20*d**3 - 12*d**2 - 243*d - 21. List the prime factors of a(-11).
2, 5, 13, 107
Let t be 1/(1/(3 - 0)). Let i(x) = -2*x**2 + 7 - 3 + t*x**2 + 3 - 2*x. What are the prime factors of i(-6)?
5, 11
Let y(g) = 44*g + 1049. What are the prime factors of y(25)?
7, 307
Suppose -102 = 4*q - 118. List the prime factors of (q + 1218/(-12))*-2.
3, 5, 13
Suppose -2*w = -2*m + 3*w - 73, m = -5*w - 59. Let u be 4/(-7)*154/m. Suppose -145 = -u*i + 17. List the prime factors of i.
3
Suppose -15*x = -38*x + 17043. What are the prime factors of (0 + -7 + x)*(4 + -3)?
2, 367
Let j be (-9 - -11)*(12 - 2). Suppose 9*b + j = 14*b. Let v(w) = 5*w**2 - 10*w + 6. What are the prime factors of v(b)?
2, 23
Suppose -19*c - 9683 + 172704 = -73111. List the prime factors of c.
2, 13, 239
Suppose -4*m + 31 = 11. Let s = 430 - m. List the prime factors of s/7 - (-3 + 76/28).
61
Let j be (12 - 61074/63)/(2/(-14)). Suppose 5*g = j + 993. What are the prime factors of g?
3, 19
Let c = -30 + 103. Let i be (-18)/3*c/(-6). Let l = i - -28. What are the prime factors of l?
101
Let k = 285600 - 196403. What are the prime factors of k?
191, 467
Let g(f) = -f**2 - f + 61. Let d = 26 + -27. Let z be 3 - ((0 - -4) + d). List the prime factors of g(z).
61
Let v(x) = 180*x + 3969. What are the prime factors of v(117)?
3, 103
Let v(z) = 5